the remainder when 103705 is divided by 51803.
99
Calculate the remainder when 4059293 is divided by 62.
29
What is the remainder when 172437 is divided by 24612?
153
What is the remainder when 20767614 is divided by 584?
574
Calculate the remainder when 833507 is divided by 6.
5
What is the remainder when 3816643 is divided by 3816643?
0
Calculate the remainder when 303557647 is divided by 2018.
2015
What is the remainder when 3978927 is divided by 224?
15
What is the remainder when 308614 is divided by 154298?
18
What is the remainder when 251660 is divided by 156?
32
Calculate the remainder when 39291 is divided by 287.
259
Calculate the remainder when 809078 is divided by 521.
486
Calculate the remainder when 10205924 is divided by 4540.
4
Calculate the remainder when 282884 is divided by 508.
436
What is the remainder when 6036938 is divided by 124?
122
Calculate the remainder when 703122 is divided by 175762.
74
Calculate the remainder when 423434 is divided by 7435.
7074
Calculate the remainder when 644310 is divided by 490.
450
Calculate the remainder when 33182 is divided by 4664.
534
What is the remainder when 155311 is divided by 72?
7
Calculate the remainder when 1269860 is divided by 27604.
76
What is the remainder when 32281954 is divided by 10760650?
4
What is the remainder when 69951284 is divided by 163?
160
Calculate the remainder when 2263169 is divided by 8606.
8397
What is the remainder when 15143758 is divided by 1466?
1444
What is the remainder when 875598 is divided by 22?
20
What is the remainder when 136692 is divided by 878?
602
Calculate the remainder when 57101687 is divided by 232.
223
Calculate the remainder when 219978 is divided by 2587.
83
What is the remainder when 286642 is divided by 31849?
1
Calculate the remainder when 146307 is divided by 3974.
3243
Calculate the remainder when 530578 is divided by 40810.
48
Calculate the remainder when 1347674 is divided by 425.
424
Calculate the remainder when 109600 is divided by 1986.
370
Calculate the remainder when 3727949 is divided by 103.
70
What is the remainder when 33825911 is divided by 70?
21
Calculate the remainder when 36933474 is divided by 5.
4
Calculate the remainder when 232056 is divided by 115829.
398
Calculate the remainder when 538635 is divided by 278.
149
Calculate the remainder when 406221 is divided by 352.
13
Calculate the remainder when 498470 is divided by 99691.
15
What is the remainder when 296634 is divided by 72923?
4942
What is the remainder when 1926797 is divided by 1926766?
31
What is the remainder when 4765486 is divided by 78?
76
What is the remainder when 1227969 is divided by 367?
354
Calculate the remainder when 3525509 is divided by 125.
9
What is the remainder when 46533 is divided by 1622?
1117
What is the remainder when 24756 is divided by 3197?
2377
What is the remainder when 2957231 is divided by 98?
81
Calculate the remainder when 21729757 is divided by 21729744.
13
What is the remainder when 3284418 is divided by 1212?
1110
What is the remainder when 2465198232 is divided by 15?
12
Calculate the remainder when 690099 is divided by 345027.
45
Calculate the remainder when 6615627 is divided by 83742.
9
Calculate the remainder when 45262067 is divided by 219.
23
Calculate the remainder when 563281 is divided by 745.
61
What is the remainder when 22688327 is divided by 515?
2
Calculate the remainder when 51840511 is divided by 1092.
1087
What is the remainder when 7179193 is divided by 708?
73
What is the remainder when 48528740 is divided by 681?
680
Calculate the remainder when 421008 is divided by 421.
8
Calculate the remainder when 8225553 is divided by 303.
12
Calculate the remainder when 161910 is divided by 3113.
34
What is the remainder when 2719012 is divided by 1085?
2
Calculate the remainder when 58289 is divided by 6726.
4481
Calculate the remainder when 4392629 is divided by 469.
444
What is the remainder when 26287 is divided by 3863?
3109
What is the remainder when 12080024 is divided by 391?
79
What is the remainder when 11946176 is divided by 101?
98
Calculate the remainder when 19976402 is divided by 28.
26
Calculate the remainder when 20145717 is divided by 420.
417
What is the remainder when 86206 is divided by 21498?
214
What is the remainder when 337109 is divided by 6476?
357
Calculate the remainder when 720989982 is divided by 120164996.
6
Calculate the remainder when 3029989 is divided by 1535.
1434
Calculate the remainder when 2694386 is divided by 19.
15
Calculate the remainder when 10289854 is divided by 3429949.
7
Calculate the remainder when 208895 is divided by 23174.
329
What is the remainder when 1540061 is divided by 109996?
117
What is the remainder when 20028 is divided by 2989?
2094
What is the remainder when 27025807 is divided by 19?
17
What is the remainder when 1332903 is divided by 166606?
55
Calculate the remainder when 2649 is divided by 267.
246
What is the remainder when 8948133 is divided by 1440?
1413
What is the remainder when 1243120 is divided by 238?
46
Calculate the remainder when 11715310 is divided by 1758.
1756
What is the remainder when 30188917 is divided by 11811?
1
What is the remainder when 77486659 is divided by 362087?
41
Calculate the remainder when 7489601 is divided by 3744781.
39
Calculate the remainder when 3367453 is divided by 1122476.
25
Calculate the remainder when 1654693 is divided by 459.
457
What is the remainder when 6632271 is divided by 3105?
3096
What is the remainder when 645202089 is divided by 116?
113
What is the remainder when 85384452 is divided by 100099?
5
What is the remainder when 385953 is divided by 7719?
3
Calculate the remainder when 9215674 is divided by 100.
74
What is the remainder when 20887 is divided by 106?
5
What is the remainder when 885766 is divided by 177147?
31
What is the remainder when 1559955 is divided by 1699?
273
Calculate the remainder when 135721412 is divided by 9.
8
What is the remainder when 963687 is divided by 452?
23
What is the remainder when 240963 is divided by 2042?
7
Calculate the remainder when 625741199 is divided by 1080.
1079
Calculate the remainder when 344173504 is divided by 65.
64
What is the remainder when 1578431 is divided by 26?
23
What is the remainder when 34601358 is divided by 617?
615
Calculate the remainder when 1020888621 is divided by 1904.
1901
What is the remainder when 68742 is divided by 5684?
534
Calculate the remainder when 47805 is divided by 47708.
97
Calculate the remainder when 19545865 is divided by 2014.
2009
What is the remainder when 23157389 is divided by 1294?
1259
Calculate the remainder when 2791675 is divided by 54.
37
What is the remainder when 1038792 is divided by 3697?
3632
Calculate the remainder when 90176 is divided by 119.
93
Calculate the remainder when 88697 is divided by 4192.
665
Calculate the remainder when 1318225 is divided by 7283.
2
Calculate the remainder when 12726991 is divided by 2545378.
101
What is the remainder when 21754179 is divided by 923?
915
What is the remainder when 312432 is divided by 2422?
2416
What is the remainder when 981431 is divided by 162368?
7223
Calculate the remainder when 125401 is divided by 13871.
562
What is the remainder when 65131466 is divided by 4342097?
11
Calculate the remainder when 277147 is divided by 23071.
295
What is the remainder when 1680276 is divided by 1591?
180
What is the remainder when 1369312 is divided by 221?
217
Calculate the remainder when 18491121 is divided by 420252.
33
Calculate the remainder when 4837000 is divided by 2.
0
What is the remainder when 300993 is divided by 305?
263
Calculate the remainder when 135527082 is divided by 382.
358
Calculate the remainder when 3482666 is divided by 1741330.
6
What is the remainder when 32727 is divided by 759?
90
Calculate the remainder when 18012463 is divided by 9.
7
What is the remainder when 174472 is divided by 13375?
597
What is the remainder when 38991250 is divided by 16585?
16500
What is the remainder when 5799713 is divided by 5771?
5629
What is the remainder when 345050 is divided by 972?
962
What is the remainder when 7133751 is divided by 1019107?
2
What is the remainder when 17265303 is divided by 1569572?
11
What is the rem